{"id":104,"date":"2015-05-21T13:26:08","date_gmt":"2015-05-21T13:26:08","guid":{"rendered":"http:\/\/kuhn.ca041.calcit.fastwebserver.de\/?page_id=104"},"modified":"2016-01-29T08:20:29","modified_gmt":"2016-01-29T08:20:29","slug":"betriebswirtschaftliche-beratung","status":"publish","type":"page","link":"https:\/\/www.steuerkanzlei-kuhn.de\/index.php\/leistungen\/betriebswirtschaftliche-beratung\/","title":{"rendered":"Betriebswirtschaftliche Beratung"},"content":{"rendered":"<blockquote><p>Ein guter Plan heute ist besser als ein perfekter Plan morgen.<br \/>\nGeorge Patton (1885 \u2013 1945), amerikanischer General<\/p><\/blockquote>\n<p>Um dem zunehmenden Wettbewerbsdruck sowie dem demographischen und technischen Wandel erfolgreich zu begegnen, m\u00fcssen Betriebe Ihre Arbeitsabl\u00e4ufe und Strukturen noch effizienter gestalten als fr\u00fcher. Hierzu bedarf es oft externer Hilfe. Als Steuerberater mit betriebswirtschaftlicher Vorbildung sind wir genau Ihr richtiger Ansprechpartner.<\/p>\n<p>Lassen Sie sich von uns zeigen welche Stellschrauben Sie an Ihren Betrieb noch justieren k\u00f6nnen um erfolgreicher zu werden und die Zukunft Ihres Unternehmens zu sichern.<\/p>\n<p>Wir beraten Sie umfassend in betriebswirtschaftlichen Fragestellungen.<\/p>\n<p>Die Schwerpunkte unserer betriebswirtschaftlichen Beratung liegen hierbei bei der Optimierung der kaufm\u00e4nnischen Unternehmensf\u00fchrung. Dies kann das Rechnungswesen, ein Kosten-, Rentabilit\u00e4ts- und Liquidit\u00e4ts-Controlling sowie die Mitwirkung bei Investitions-, Finanzierungs- und Aussch\u00fcttungsplanungen beinhalten.<\/p>\n<p>Weiterhin unterst\u00fctzen wir unsere Mandanten bei Existenzgr\u00fcndung, Betriebserweiterungen, Rechtsform- und Standortwahl, bei Unternehmenszusammschl\u00fcssen und -spaltungen sowie bei Betriebsaufgabe und Unternehmensnachfolge kompetent und ergebnisorientiert.<\/p>\n","protected":false},"excerpt":{"rendered":"<p>Ein guter Plan heute ist besser als ein perfekter Plan morgen. George Patton (1885 \u2013 1945), amerikanischer General Um dem zunehmenden Wettbewerbsdruck sowie dem demographischen und technischen Wandel erfolgreich zu.. <a href=\"https:\/\/www.steuerkanzlei-kuhn.de\/index.php\/leistungen\/betriebswirtschaftliche-beratung\/\" class=\"readmore\">read more<\/a><\/p>\n","protected":false},"author":1,"featured_media":0,"parent":24,"menu_order":0,"comment_status":"open","ping_status":"closed","template":"","meta":{"footnotes":""},"aioseo_notices":[],"_links":{"self":[{"href":"https:\/\/www.steuerkanzlei-kuhn.de\/index.php\/wp-json\/wp\/v2\/pages\/104"}],"collection":[{"href":"https:\/\/www.steuerkanzlei-kuhn.de\/index.php\/wp-json\/wp\/v2\/pages"}],"about":[{"href":"https:\/\/www.steuerkanzlei-kuhn.de\/index.php\/wp-json\/wp\/v2\/types\/page"}],"author":[{"embeddable":true,"href":"https:\/\/www.steuerkanzlei-kuhn.de\/index.php\/wp-json\/wp\/v2\/users\/1"}],"replies":[{"embeddable":true,"href":"https:\/\/www.steuerkanzlei-kuhn.de\/index.php\/wp-json\/wp\/v2\/comments?post=104"}],"version-history":[{"count":12,"href":"https:\/\/www.steuerkanzlei-kuhn.de\/index.php\/wp-json\/wp\/v2\/pages\/104\/revisions"}],"predecessor-version":[{"id":920,"href":"https:\/\/www.steuerkanzlei-kuhn.de\/index.php\/wp-json\/wp\/v2\/pages\/104\/revisions\/920"}],"up":[{"embeddable":true,"href":"https:\/\/www.steuerkanzlei-kuhn.de\/index.php\/wp-json\/wp\/v2\/pages\/24"}],"wp:attachment":[{"href":"https:\/\/www.steuerkanzlei-kuhn.de\/index.php\/wp-json\/wp\/v2\/media?parent=104"}],"curies":[{"name":"wp","href":"https:\/\/api.w.org\/{rel}","templated":true}]}}