{"id":50,"date":"2015-05-21T08:15:40","date_gmt":"2015-05-21T08:15:40","guid":{"rendered":"http:\/\/kuhn.ca041.calcit.fastwebserver.de\/?page_id=50"},"modified":"2026-01-08T13:09:01","modified_gmt":"2026-01-08T13:09:01","slug":"downloads","status":"publish","type":"page","link":"https:\/\/www.steuerkanzlei-kuhn.de\/index.php\/downloads\/","title":{"rendered":"Downloads"},"content":{"rendered":"<h4>Auszeichnungen<\/h4>\n<p><a href=\"https:\/\/l.facebook.com\/l.php?u=https%3A%2F%2Fwww.steuerkanzlei-kuhn.de%2Fwp-content%2Fuploads%2F2020%2F06%2FMY25-Steuerberatertest.pdf%3Ffbclid%3DIwAR3yWP6waZDoN8Zs2mVxnKGETjIxvbTPjPDoRjYC5DIhP5Tsiej6vQT-f6w&amp;h=AT3MK-ebxalNEg4ev7TeXYDm7QKnW29G0NIR9a6c03z57VvzxiJyoNJBJeGR578ydsuJCs6h_m_8k6_FtFcbR3K9n3Qy_pwgeSLHD17dOyGMHjSm2N2YY--vBX7py19Iz_iAvdTfRdbhO29Qz0orMBGIbFbSGd_7mdh01UyfUj533WPcKTsPK_OfEaQ_jtwLGmuHW7Ek2qcHmCaiwLtWoCc7p0Qay2VINkKcrRVZIxG19XY756cfSaAbcL8PDvOPFsmYVzKJQhbvU2FryMfnO4McQhKhyboRVoSCHa7tcmfeIVQkYMJzhVcqo6Le_tUi4-jG3f4EKNeH7bINOzEHO1f1Zv9Ns57ZFWoxieTQ0zb8AVmcMn5lU9dXt24Buo8GJ0Qxx-XU0PWLDcBHjRwgl4MUHaF9U3fgaiQ9O5OA1m6ZFh-0yfu6PcblucjkwuDf3Pm9tiXzyhmdh8iTcQ055MAn_Tx7Hw4LAX4L9pYD67dI7PJzK9a9HY7E_3cI7JGEEBlAF2faUF_Ip9Mpcwklb0rgrX3S2m5NVPC_fTNylnHxqBMAqtTgK998RucHCNhwmIb10pdTnFOWfzgHnbMSxMuxTdd1MppoDRdbhnECsDtXpJgvAAxadU789pXGhNfPhwjLbQ\" target=\"_blank\" rel=\"noopener\">TOP-Steuerberater FOCUS-MONEY-Test 2020<\/a><\/p>\n<p><a href=\"https:\/\/www.handelsblatt.com\/unternehmen\/dienstleister\/studie-deutschlands-beste-steuerberater-und-wirtschaftspruefer-2020\/25699504.html?ticket=ST-73463-zKaLKLodAIyEXfnOcGxX-ap1\" target=\"_blank\" rel=\"noopener\">Beste Steuerberater 2020 &#8211;\u00a0 Handelsblatt<\/a><\/p>\n<h4><\/h4>\n<h4>Wichtige Formulare und Vorlagen<\/h4>\n<h4>Mandatsverh\u00e4ltnis<\/h4>\n<p><a href=\"https:\/\/www.steuerkanzlei-kuhn.de\/wp-content\/uploads\/2026\/01\/Vollmacht-Finanzamt.pdf\" class=\"mtli_attachment mtli_pdf\" data-mtli=\"mtli_filesize125,01kB\" target=\"_blank\" rel=\"noopener\">Vollmacht zur Vertretung in Steuersachen<\/a><\/p>\n<p><a href=\"https:\/\/www.steuerkanzlei-kuhn.de\/wp-content\/uploads\/2017\/07\/Vollmacht-Sozialversicherung.pdf\" class=\"mtli_attachment mtli_pdf\" data-mtli=\"mtli_filesize42,92kB\" target=\"_blank\" rel=\"noopener\">Vollmacht zur Vertretung vor Sozialversicherungstr\u00e4gern<\/a><\/p>\n<h4>Finanzamt<\/h4>\n<p><a href=\"https:\/\/www.steuerkanzlei-kuhn.de\/wp-content\/uploads\/2016\/01\/SEPA-Lastschrift-Mandat-RheinlandPfalz.pdf\" class=\"mtli_attachment mtli_pdf\" data-mtli=\"mtli_filesize21,94kB\" target=\"_blank\" rel=\"noopener\">SEPA-Lastschrift-Mandat Rheinland-Pfalz<\/a><\/p>\n<p><a href=\"https:\/\/www.steuerkanzlei-kuhn.de\/wp-content\/uploads\/2016\/01\/SEPA-Lastschrift-Mandat-BadenWuerttemberg.pdf\" class=\"mtli_attachment mtli_pdf\" data-mtli=\"mtli_filesize577,27kB\" target=\"_blank\" rel=\"noopener\">SEPA-Lastschrift-Mandat Baden-W\u00fcrttemberg<\/a><\/p>\n<p><a href=\"https:\/\/www.steuerkanzlei-kuhn.de\/wp-content\/uploads\/2016\/01\/Antrag-Korrektur-elektronische-Lohnsteuerabzugsmerkmale-ELStAM.pdf\" class=\"mtli_attachment mtli_pdf\" data-mtli=\"mtli_filesize5,99kB\" target=\"_blank\" rel=\"noopener\">Antrag Korrektur elektronische Lohnsteuerabzugsmerkmale (ELStAM)<\/a><\/p>\n<p><a href=\"https:\/\/www.steuerkanzlei-kuhn.de\/wp-content\/uploads\/2025\/01\/Leitfaden-Steuern-Existenzgruendung.pdf\" class=\"mtli_attachment mtli_pdf\" data-mtli=\"mtli_filesize1,02MB\">Brosch\u00fcre Steuertipps f\u00fcr Existenzgr\u00fcnderinnen und Existenzgr\u00fcnder<\/a><\/p>\n<h4>Lohnabrechnung<\/h4>\n<p><a href=\"https:\/\/www.steuerkanzlei-kuhn.de\/wp-content\/uploads\/2025\/01\/Fragebogen-Arbeitnehmer-allgemein-Stand-2025.pdf\" class=\"mtli_attachment mtli_pdf\" data-mtli=\"mtli_filesize56,80kB\" target=\"_blank\" rel=\"noopener\">Fragebogen Arbeitnehmer allgemein<\/a><\/p>\n<p><a href=\"https:\/\/www.steuerkanzlei-kuhn.de\/wp-content\/uploads\/2016\/01\/Fragebogen-Sofortmeldung.pdf\" class=\"mtli_attachment mtli_pdf\" data-mtli=\"mtli_filesize11,10kB\" target=\"_blank\" rel=\"noopener\">Fragebogen Sofortmeldung<\/a><\/p>\n<p><a href=\"https:\/\/www.steuerkanzlei-kuhn.de\/wp-content\/uploads\/2026\/01\/Fragebogen-Minijob-Stand-Januar-2026.pdf\" class=\"mtli_attachment mtli_pdf\" data-mtli=\"mtli_filesize77,94kB\" target=\"_blank\" rel=\"noopener\">Fragebogen Minijob Stand Januar 2026 (bis 603,- EUR)<\/a><\/p>\n<p><a href=\"https:\/\/www.steuerkanzlei-kuhn.de\/wp-content\/uploads\/2025\/01\/Befreiungsantrag-fuer-Arbeitnehmer-Minijob.pdf\" class=\"mtli_attachment mtli_pdf\" data-mtli=\"mtli_filesize142,76kB\" target=\"_blank\" rel=\"noopener\">Befreiungsantrag Minijob Rentenversicherungspflicht<\/a><\/p>\n<p><a href=\"https:\/\/www.steuerkanzlei-kuhn.de\/wp-content\/uploads\/2016\/01\/Vorlage-zur-Dokumentation-Arbeitszeit.pdf\" class=\"mtli_attachment mtli_pdf\" data-mtli=\"mtli_filesize29,07kB\" target=\"_blank\" rel=\"noopener\">Vorlage zur Dokumentation Arbeitszeit<\/a><\/p>\n<p><a href=\"https:\/\/www.steuerkanzlei-kuhn.de\/wp-content\/uploads\/2026\/01\/Fragebogen-Uebergangsbereich-Midijob-ab-1.01.2026.pdf\" class=\"mtli_attachment mtli_pdf\" data-mtli=\"mtli_filesize47,29kB\" target=\"_blank\" rel=\"noopener\">Fragebogen \u00dcbergangsbereich Midijob Stand Januar 2026 (603,- bis 2.000,- EUR)<\/a><\/p>\n<p><a href=\"https:\/\/www.steuerkanzlei-kuhn.de\/wp-content\/uploads\/2016\/02\/Fragebogen-Auszubildende.pdf\" class=\"mtli_attachment mtli_pdf\" data-mtli=\"mtli_filesize53,38kB\" target=\"_blank\" rel=\"noopener\">Fragebogen Auszubildende<\/a><\/p>\n<p><a href=\"https:\/\/www.steuerkanzlei-kuhn.de\/wp-content\/uploads\/2016\/01\/Fragebogen-kurzfristige-Beschaeftigung.pdf\" class=\"mtli_attachment mtli_pdf\" data-mtli=\"mtli_filesize24,65kB\" target=\"_blank\" rel=\"noopener\">Fragebogen kurzfristige Besch\u00e4ftigung<\/a><\/p>\n<p><a href=\"https:\/\/www.steuerkanzlei-kuhn.de\/wp-content\/uploads\/2025\/01\/Fragebogen-Kuendigung-fuer-Arbeitsbescheinigung.pdf\" class=\"mtli_attachment mtli_pdf\" data-mtli=\"mtli_filesize137,95kB\" target=\"_blank\" rel=\"noopener\">Fragebogen K\u00fcndigung f\u00fcr Arbeitsbescheinigung<\/a><\/p>\n<style type=\"text\/css\">a[data-mtli~=\"mtli_filesize125,01kB\"]:after {content:\" (125,01 kB)\"}a[data-mtli~=\"mtli_filesize42,92kB\"]:after {content:\" (42,92 kB)\"}a[data-mtli~=\"mtli_filesize21,94kB\"]:after {content:\" (21,94 kB)\"}a[data-mtli~=\"mtli_filesize577,27kB\"]:after {content:\" (577,27 kB)\"}a[data-mtli~=\"mtli_filesize5,99kB\"]:after {content:\" (5,99 kB)\"}a[data-mtli~=\"mtli_filesize1,02MB\"]:after {content:\" (1,02 MB)\"}a[data-mtli~=\"mtli_filesize56,80kB\"]:after {content:\" (56,80 kB)\"}a[data-mtli~=\"mtli_filesize11,10kB\"]:after {content:\" (11,10 kB)\"}a[data-mtli~=\"mtli_filesize77,94kB\"]:after {content:\" (77,94 kB)\"}a[data-mtli~=\"mtli_filesize142,76kB\"]:after {content:\" (142,76 kB)\"}a[data-mtli~=\"mtli_filesize29,07kB\"]:after {content:\" (29,07 kB)\"}a[data-mtli~=\"mtli_filesize47,29kB\"]:after {content:\" (47,29 kB)\"}a[data-mtli~=\"mtli_filesize53,38kB\"]:after {content:\" (53,38 kB)\"}a[data-mtli~=\"mtli_filesize24,65kB\"]:after {content:\" (24,65 kB)\"}a[data-mtli~=\"mtli_filesize137,95kB\"]:after {content:\" (137,95 kB)\"}<\/style>","protected":false},"excerpt":{"rendered":"<p>Auszeichnungen TOP-Steuerberater FOCUS-MONEY-Test 2020 Beste Steuerberater 2020 &#8211;\u00a0 Handelsblatt Wichtige Formulare und Vorlagen Mandatsverh\u00e4ltnis Vollmacht zur Vertretung in Steuersachen Vollmacht zur Vertretung vor Sozialversicherungstr\u00e4gern Finanzamt SEPA-Lastschrift-Mandat Rheinland-Pfalz SEPA-Lastschrift-Mandat Baden-W\u00fcrttemberg Antrag.. <a href=\"https:\/\/www.steuerkanzlei-kuhn.de\/index.php\/downloads\/\" class=\"readmore\">read more<\/a><\/p>\n","protected":false},"author":1,"featured_media":0,"parent":0,"menu_order":0,"comment_status":"open","ping_status":"closed","template":"","meta":{"footnotes":""},"aioseo_notices":[],"_links":{"self":[{"href":"https:\/\/www.steuerkanzlei-kuhn.de\/index.php\/wp-json\/wp\/v2\/pages\/50"}],"collection":[{"href":"https:\/\/www.steuerkanzlei-kuhn.de\/index.php\/wp-json\/wp\/v2\/pages"}],"about":[{"href":"https:\/\/www.steuerkanzlei-kuhn.de\/index.php\/wp-json\/wp\/v2\/types\/page"}],"author":[{"embeddable":true,"href":"https:\/\/www.steuerkanzlei-kuhn.de\/index.php\/wp-json\/wp\/v2\/users\/1"}],"replies":[{"embeddable":true,"href":"https:\/\/www.steuerkanzlei-kuhn.de\/index.php\/wp-json\/wp\/v2\/comments?post=50"}],"version-history":[{"count":53,"href":"https:\/\/www.steuerkanzlei-kuhn.de\/index.php\/wp-json\/wp\/v2\/pages\/50\/revisions"}],"predecessor-version":[{"id":2243,"href":"https:\/\/www.steuerkanzlei-kuhn.de\/index.php\/wp-json\/wp\/v2\/pages\/50\/revisions\/2243"}],"wp:attachment":[{"href":"https:\/\/www.steuerkanzlei-kuhn.de\/index.php\/wp-json\/wp\/v2\/media?parent=50"}],"curies":[{"name":"wp","href":"https:\/\/api.w.org\/{rel}","templated":true}]}}